{"id":91288,"date":"2021-12-14T06:00:57","date_gmt":"2021-12-14T06:00:57","guid":{"rendered":"https:\/\/www.stellarinfo.com\/blog\/?page_id=91288"},"modified":"2022-07-21T04:16:36","modified_gmt":"2022-07-21T04:16:36","slug":"de","status":"publish","type":"page","link":"https:\/\/www.stellarinfo.com\/blog\/de\/","title":{"rendered":"DE"},"content":{"rendered":"<?xml encoding=\"utf-8\" ?><?xml encoding=\"utf-8\" ?><p class=\"has-text-align-center has-large-font-size\" style=\"line-height:0\"><\/p><h1 class=\"has-text-align-center has-large-font-size\" style=\"line-height:0\"><strong>Neueste Geschichten<\/strong><\/h1><p><\/p><p class=\"has-text-align-center has-large-font-size\" style=\"line-height:0\"><strong>Beliebte Beitr&auml;ge<\/strong><\/p>\n","protected":false},"excerpt":{"rendered":"","protected":false},"author":1,"featured_media":91279,"parent":0,"menu_order":0,"comment_status":"closed","ping_status":"closed","template":"de.php","meta":{"_acf_changed":false,"footnotes":""},"class_list":["post-91288","page","type-page","status-publish","has-post-thumbnail","hentry","entry"],"acf":[],"yoast_head":"<!-- This site is optimized with the Yoast SEO plugin v26.9 - https:\/\/yoast.com\/product\/yoast-seo-wordpress\/ -->\n<title>DE - Stellar Data Recovery Blog | Stellar<\/title>\n<meta name=\"description\" content=\"Hier k\u00f6nnen Sie lernen und Ihre Datenwiederherstellungsprobleme diskutieren. Wir bieten L\u00f6sung \u00fcber unsere Produkte, Technologie auf den Blogs.\" \/>\n<meta name=\"robots\" content=\"index, follow, max-snippet:-1, max-image-preview:large, max-video-preview:-1\" \/>\n<link rel=\"canonical\" href=\"https:\/\/www.stellarinfo.com\/blog\/de\/\" \/>\n<meta property=\"og:locale\" content=\"en_US\" \/>\n<meta property=\"og:type\" content=\"article\" \/>\n<meta property=\"og:title\" content=\"DE - Stellar Data Recovery Blog | Stellar\" \/>\n<meta property=\"og:description\" content=\"Hier k\u00f6nnen Sie lernen und Ihre Datenwiederherstellungsprobleme diskutieren. Wir bieten L\u00f6sung \u00fcber unsere Produkte, Technologie auf den Blogs.\" \/>\n<meta property=\"og:url\" content=\"https:\/\/www.stellarinfo.com\/blog\/de\/\" \/>\n<meta property=\"og:site_name\" content=\"Stellar Data Recovery Blog\" \/>\n<meta property=\"article:modified_time\" content=\"2022-07-21T04:16:36+00:00\" \/>\n<meta property=\"og:image\" content=\"https:\/\/www.stellarinfo.com\/blog\/wp-content\/uploads\/2021\/12\/default_featured-1.jpg\" \/>\n\t<meta property=\"og:image:width\" content=\"768\" \/>\n\t<meta property=\"og:image:height\" content=\"461\" \/>\n\t<meta property=\"og:image:type\" content=\"image\/jpeg\" \/>\n<meta name=\"twitter:card\" content=\"summary_large_image\" \/>\n<meta name=\"twitter:label1\" content=\"Est. reading time\" \/>\n\t<meta name=\"twitter:data1\" content=\"1 minute\" \/>\n<script type=\"application\/ld+json\" class=\"yoast-schema-graph\">{\"@context\":\"https:\/\/schema.org\",\"@graph\":[{\"@type\":\"WebPage\",\"@id\":\"https:\/\/www.stellarinfo.com\/blog\/de\/\",\"url\":\"https:\/\/www.stellarinfo.com\/blog\/de\/\",\"name\":\"DE - Stellar Data Recovery Blog | Stellar\",\"isPartOf\":{\"@id\":\"https:\/\/www.stellarinfo.com\/blog\/#website\"},\"primaryImageOfPage\":{\"@id\":\"https:\/\/www.stellarinfo.com\/blog\/de\/#primaryimage\"},\"image\":{\"@id\":\"https:\/\/www.stellarinfo.com\/blog\/de\/#primaryimage\"},\"thumbnailUrl\":\"https:\/\/www.stellarinfo.com\/blog\/wp-content\/uploads\/2021\/12\/default_featured-1.jpg\",\"datePublished\":\"2021-12-14T06:00:57+00:00\",\"dateModified\":\"2022-07-21T04:16:36+00:00\",\"description\":\"Hier k\u00f6nnen Sie lernen und Ihre Datenwiederherstellungsprobleme diskutieren. Wir bieten L\u00f6sung \u00fcber unsere Produkte, Technologie auf den Blogs.\",\"breadcrumb\":{\"@id\":\"https:\/\/www.stellarinfo.com\/blog\/de\/#breadcrumb\"},\"inLanguage\":\"en-US\",\"potentialAction\":[{\"@type\":\"ReadAction\",\"target\":[\"https:\/\/www.stellarinfo.com\/blog\/de\/\"]}]},{\"@type\":\"ImageObject\",\"inLanguage\":\"en-US\",\"@id\":\"https:\/\/www.stellarinfo.com\/blog\/de\/#primaryimage\",\"url\":\"https:\/\/www.stellarinfo.com\/blog\/wp-content\/uploads\/2021\/12\/default_featured-1.jpg\",\"contentUrl\":\"https:\/\/www.stellarinfo.com\/blog\/wp-content\/uploads\/2021\/12\/default_featured-1.jpg\",\"width\":768,\"height\":461},{\"@type\":\"BreadcrumbList\",\"@id\":\"https:\/\/www.stellarinfo.com\/blog\/de\/#breadcrumb\",\"itemListElement\":[{\"@type\":\"ListItem\",\"position\":1,\"name\":\"Home\",\"item\":\"https:\/\/www.stellarinfo.com\/blog\/\"},{\"@type\":\"ListItem\",\"position\":2,\"name\":\"DE\"}]},{\"@type\":\"WebSite\",\"@id\":\"https:\/\/www.stellarinfo.com\/blog\/#website\",\"url\":\"https:\/\/www.stellarinfo.com\/blog\/\",\"name\":\"Stellar Data Recovery Blog\",\"description\":\"\",\"potentialAction\":[{\"@type\":\"SearchAction\",\"target\":{\"@type\":\"EntryPoint\",\"urlTemplate\":\"https:\/\/www.stellarinfo.com\/blog\/?s={search_term_string}\"},\"query-input\":{\"@type\":\"PropertyValueSpecification\",\"valueRequired\":true,\"valueName\":\"search_term_string\"}}],\"inLanguage\":\"en-US\"}]}<\/script>\n<!-- \/ Yoast SEO plugin. -->","yoast_head_json":{"title":"DE - Stellar Data Recovery Blog | Stellar","description":"Hier k\u00f6nnen Sie lernen und Ihre Datenwiederherstellungsprobleme diskutieren. Wir bieten L\u00f6sung \u00fcber unsere Produkte, Technologie auf den Blogs.","robots":{"index":"index","follow":"follow","max-snippet":"max-snippet:-1","max-image-preview":"max-image-preview:large","max-video-preview":"max-video-preview:-1"},"canonical":"https:\/\/www.stellarinfo.com\/blog\/de\/","og_locale":"en_US","og_type":"article","og_title":"DE - Stellar Data Recovery Blog | Stellar","og_description":"Hier k\u00f6nnen Sie lernen und Ihre Datenwiederherstellungsprobleme diskutieren. Wir bieten L\u00f6sung \u00fcber unsere Produkte, Technologie auf den Blogs.","og_url":"https:\/\/www.stellarinfo.com\/blog\/de\/","og_site_name":"Stellar Data Recovery Blog","article_modified_time":"2022-07-21T04:16:36+00:00","og_image":[{"width":768,"height":461,"url":"https:\/\/www.stellarinfo.com\/blog\/wp-content\/uploads\/2021\/12\/default_featured-1.jpg","type":"image\/jpeg"}],"twitter_card":"summary_large_image","twitter_misc":{"Est. reading time":"1 minute"},"schema":{"@context":"https:\/\/schema.org","@graph":[{"@type":"WebPage","@id":"https:\/\/www.stellarinfo.com\/blog\/de\/","url":"https:\/\/www.stellarinfo.com\/blog\/de\/","name":"DE - Stellar Data Recovery Blog | Stellar","isPartOf":{"@id":"https:\/\/www.stellarinfo.com\/blog\/#website"},"primaryImageOfPage":{"@id":"https:\/\/www.stellarinfo.com\/blog\/de\/#primaryimage"},"image":{"@id":"https:\/\/www.stellarinfo.com\/blog\/de\/#primaryimage"},"thumbnailUrl":"https:\/\/www.stellarinfo.com\/blog\/wp-content\/uploads\/2021\/12\/default_featured-1.jpg","datePublished":"2021-12-14T06:00:57+00:00","dateModified":"2022-07-21T04:16:36+00:00","description":"Hier k\u00f6nnen Sie lernen und Ihre Datenwiederherstellungsprobleme diskutieren. Wir bieten L\u00f6sung \u00fcber unsere Produkte, Technologie auf den Blogs.","breadcrumb":{"@id":"https:\/\/www.stellarinfo.com\/blog\/de\/#breadcrumb"},"inLanguage":"en-US","potentialAction":[{"@type":"ReadAction","target":["https:\/\/www.stellarinfo.com\/blog\/de\/"]}]},{"@type":"ImageObject","inLanguage":"en-US","@id":"https:\/\/www.stellarinfo.com\/blog\/de\/#primaryimage","url":"https:\/\/www.stellarinfo.com\/blog\/wp-content\/uploads\/2021\/12\/default_featured-1.jpg","contentUrl":"https:\/\/www.stellarinfo.com\/blog\/wp-content\/uploads\/2021\/12\/default_featured-1.jpg","width":768,"height":461},{"@type":"BreadcrumbList","@id":"https:\/\/www.stellarinfo.com\/blog\/de\/#breadcrumb","itemListElement":[{"@type":"ListItem","position":1,"name":"Home","item":"https:\/\/www.stellarinfo.com\/blog\/"},{"@type":"ListItem","position":2,"name":"DE"}]},{"@type":"WebSite","@id":"https:\/\/www.stellarinfo.com\/blog\/#website","url":"https:\/\/www.stellarinfo.com\/blog\/","name":"Stellar Data Recovery Blog","description":"","potentialAction":[{"@type":"SearchAction","target":{"@type":"EntryPoint","urlTemplate":"https:\/\/www.stellarinfo.com\/blog\/?s={search_term_string}"},"query-input":{"@type":"PropertyValueSpecification","valueRequired":true,"valueName":"search_term_string"}}],"inLanguage":"en-US"}]}},"_links":{"self":[{"href":"https:\/\/www.stellarinfo.com\/blog\/wp-json\/wp\/v2\/pages\/91288","targetHints":{"allow":["GET"]}}],"collection":[{"href":"https:\/\/www.stellarinfo.com\/blog\/wp-json\/wp\/v2\/pages"}],"about":[{"href":"https:\/\/www.stellarinfo.com\/blog\/wp-json\/wp\/v2\/types\/page"}],"author":[{"embeddable":true,"href":"https:\/\/www.stellarinfo.com\/blog\/wp-json\/wp\/v2\/users\/1"}],"replies":[{"embeddable":true,"href":"https:\/\/www.stellarinfo.com\/blog\/wp-json\/wp\/v2\/comments?post=91288"}],"version-history":[{"count":11,"href":"https:\/\/www.stellarinfo.com\/blog\/wp-json\/wp\/v2\/pages\/91288\/revisions"}],"predecessor-version":[{"id":105048,"href":"https:\/\/www.stellarinfo.com\/blog\/wp-json\/wp\/v2\/pages\/91288\/revisions\/105048"}],"wp:featuredmedia":[{"embeddable":true,"href":"https:\/\/www.stellarinfo.com\/blog\/wp-json\/wp\/v2\/media\/91279"}],"wp:attachment":[{"href":"https:\/\/www.stellarinfo.com\/blog\/wp-json\/wp\/v2\/media?parent=91288"}],"curies":[{"name":"wp","href":"https:\/\/api.w.org\/{rel}","templated":true}]}}